 Let s(h) = 2*t(h) + 5*v(h). What is s(-2)?
-11
Suppose 0 = 4*j + 8 + 4. Let c(b) = b**3 + 5*b**2 + 7*b + 1. Determine c(j).
-2
Let x(z) = z**3 + z**2 - 2*z - 3. Let y(c) = 5*c + 3. Let g be y(-1). Determine x(g).
-3
Let c be (-6)/9 + (-23)/(-3). Suppose -5*h + c + 3 = 0. Let d(x) = -x**3 + x - 4*x**2 + 0*x**3 + 0*x**3 - h*x. Calculate d(-4).
4
Let k(m) be the third derivative of m**4/12 - m**3/6 - m**2. Let z(f) = f**3 + 48*f**2 + 132*f - 138. Let t be z(-45). Give k(t).
-7
Let x(v) = v**3 - v**2 - v + 1. Let c(i) = 9*i**2 + 2*i - 1. Let k be c(1). Suppose 12 = 3*g - 4*q + q, 5*g - k = -5*q. Suppose -3*d + 3 = -g. Determine x(d).
3
Let r = 24 - 18. Let o(j) = j - 12. Let h be o(r). Let u(g) = -2*g - 1. Calculate u(h).
11
Let x be (-22)/(-3)*-6 + 2. Let o be (x/28)/((-1)/(-2)). Let p(r) = r**2 - 6*r + 7. Let v(i) = -i**2 + 9*i - 10. Let s(n) = 7*p(n) + 5*v(n). Give s(o).
8
Let h(p) = p**2 + 8*p + 3. Let v = 303 + -310. What is h(v)?
-4
Let g(x) = x**3 - 8*x**2 + x - 6. Let h be g(8). Let m(k) = 2*k**2 + 0*k - 3*k**h + 4*k + 3. Let t be m(4). Let c(z) = z - 4. Give c(t).
-1
Let t be ((-4)/(-2))/((-6)/(-183)). Suppose t = j + 19. Suppose -6*g - 3*p = -g + j, 3*g = 4*p - 2. Let y(m) = m + 8. What is y(g)?
2
Suppose 25 = -4*z - z. Let y(c) be the first derivative of -c**2/2 - 9*c - 196. Let l be y(z). Let f(p) = -p**2 - 3*p + 3. What is f(l)?
-1
Let k = -483 - -482. Let h(i) = -14*i**3 + i**2 - 1. Give h(k).
14
Let d(i) = i**3 + 8*i**2 + 6*i - 5. Let g be d(-7). Let t(v) = -4 + 4*v - 72*v**2 + 35*v**2 + 38*v**g. Let b = -6 + 1. Give t(b).
1
Let y = -57 - -58. Suppose -c = -4*c + 21. Let z(g) = -22 + 15 - c*g + 8. Determine z(y).
-6
Let u(k) = -4*k**2 + 2. Suppose 0 = -4*q + 4, 4*x + 2*q - 5 - 5 = 0. Let j be (-20)/25*(-5)/x. Let l(p) = p. Let y be l(j). Give u(y).
-14
Let h(n) = -5*n - 13. Let y(p) be the second derivative of 3*p**3/2 + 25*p**2/2 - p - 1. Let o(u) = 7*h(u) + 4*y(u). What is o(-9)?
0
Let a(b) = -b**3 + 5*b**2 - 7*b - 2. Let t(h) = -2*h**2 + 25*h + 117. Let c be t(16). What is a(c)?
-37
Let n(a) = -4*a**2 + 3 - 1166*a + 1162*a + 1 + a**3. Calculate n(4).
-12
Let y(x) be the first derivative of -38 - 1/4*x**4 + 2*x**2 - x**3 - 5*x. What is y(-4)?
-5
Let t(v) = -4 - 75*v**2 + 48*v + 76*v**2 - 53*v. Suppose 0 = -3*l - 4*k + 3 + 11, 5*k - 13 = -3*l. Give t(l).
2
Let i be (-11 - -4)*((-12)/7 + 0). Let b(d) = d - 10. Determine b(i).
2
Suppose 3*s + 0*g = -g + 224, 5*s - 5*g = 380. Let y = s - 80. Let f(r) = -r**3 - 5*r**2 + 2. Calculate f(y).
2
Let i(n) = 8*n - 9. Let w(s) = s. Let b(a) = -i(a) + 6*w(a). Calculate b(-11).
31
Let q(d) = -d**3 - 2*d**2 - 3*d - 3. Suppose -4 = 2*x - 4*c, -4*c + c = -2*x. Suppose -4*f = -f - x. Suppose -4*n - f*o = 0, -n + 18 = -4*n + 3*o. What is q(n)?
3
Let w(k) = -k**2 - 3*k + 3. Let g(f) = f**2 + 2 + 8*f - f**3 + 7 - 3 + 2*f**2. Let z be g(5). Give w(z).
-1
Let c(a) = 4*a - 16. Suppose -g - 7 = i + 1, 4*i = 3*g - 25. Let m(s) = s - 5. Let y(u) = i*m(u) + 2*c(u). Calculate y(4).
7
Let w = -90 + 138. Let b = -46 + w. Let i(q) be the third derivative of q**4/6 - q**3/2 - q**2. Calculate i(b).
5
Let a(g) = g**3 + 11*g**2 + 4. Let n be a(-11). Suppose -17 = q + n*b, 5*q + 5 + 5 = -5*b. Let c(o) = 4*o**2 - 7*o**3 + o**3 - 1 + 7*o**q - 2. Determine c(-4).
-3
Let v(t) be the second derivative of t**4/12 + 7*t**3/6 + 3*t**2 + 110*t. Calculate v(-3).
-6
Let y(p) = -16*p - 280. Let m be y(-18). Let f(w) = w. Let t(o) = o**3 - 9*o**2 + 11*o - 7. Let v(l) = -3*f(l) + t(l). Give v(m).
-7
Suppose 27*l = -603 + 225. Let t(z) = z**2 + 16*z + 28. Give t(l).
0
Let l(d) be the third derivative of d**6/120 - d**5/20 + d**4/8 + d**3/6 - 24*d**2. Let m be (3/6)/((-7)/(-42)). Determine l(m).
10
Let u(i) = i - 1. Let x be (-2)/(-12) + (-136)/(-48). Suppose 0 = -3*n + x, 3*n + 23 = 5*v + n. Calculate u(v).
4
Let q be (-5)/65 - (-12)/(-13). Let u(s) = -10*s**2. What is u(q)?
-10
Suppose 0 = -107*w + 110*w - 21. Let i(t) = t**2 - 7*t + 9. Determine i(w).
9
Let m(o) = -26*o + 9. Let s(y) = -53*y + 15. Let t(c) = -5*m(c) + 3*s(c). Calculate t(-1).
29
Let u(f) be the third derivative of 1/6*f**3 + 1/2*f**4 + 14*f**2 + 0*f + 0. Give u(-1).
-11
Let v(o) = 4*o**2 - 1. Suppose 0 = -5*u + 5*g - 130, u + 33 - 7 = 5*g. Let j = 27 + u. Determine v(j).
3
Let p = 1853/2 - 926. Let x(g) be the first derivative of -p*g**2 - 3 + 2*g - 1/4*g**4 + 4/3*g**3. What is x(3)?
8
Let j(l) = l - 1. Let p(b) = 4*b - 7. Let z(t) = 4*t - 6. Let o(a) = -3*p(a) + 4*z(a). Let d(w) = 8*j(w) - 3*o(w). Give d(1).
-3
Let t(d) = -4750*d**3 - 4784*d**3 + 9539*d**3. Let f(l) = -l**3 + 2*l - 1. Let m be f(1). Let o be m + (6/2 - 2). Calculate t(o).
5
Let q(b) be the third derivative of -b**5/60 - b**4/4 - 2*b**3/3 - 127*b**2. Calculate q(-2).
4
Let j(p) = p**2 - 4*p - 1. Let c = -186 + 190. Determine j(c).
-1
Let u(z) be the second derivative of 7/12*z**4 - 2/3*z**3 - 4*z**2 - 16*z - 1/20*z**5 + 0. What is u(6)?
4
Let s(j) = 2*j + 3. Let z(k) = k**3 - 9*k**2 - 11*k + 14. Let f be z(10). Suppose -3*b - 15 = -f*b + 5*x, -7 = -b + 3*x. What is s(b)?
-7
Suppose 50 = 4*a - s - 242, 3*s - 60 = -a. Let u = a - 75. Let n(z) = 2*z**2 + 3*z. Determine n(u).
9
Let r(l) = 4*l - 1326 - 3*l + 1327. What is r(-9)?
-8
Suppose -22 = 38*f - 60*f. Let x(l) = -8*l + 1. Determine x(f).
-7
Let o(j) = -j**2 - 6*j + 1. Let u be o(-5). Suppose g - 1 - u = 0. Let t(x) = -x**3 + 6*x**2 + 8*x - 3. Give t(g).
4
Let u(t) = t - 1. Let z(d) = d**2 - 2*d - 1. Let o = 65 - 66. Let b(x) = o*z(x) - 6*u(x). What is b(-7)?
-14
Let p(i) = 6*i + 3. Suppose q - 2*g = -14, -4*q - g - 12 = 2*g. Let h be 9/2*4/q. What is p(h)?
-15
Let b(q) = 3*q**3 + 9*q**2 - 2*q - 5. Let g(k) = 4*k**3 + 10*k**2 - 2*k - 5. Let t(n) = -5*b(n) + 4*g(n). Suppose 0*x + 2*x - 8 = 0. Give t(x).
-3
Let x(m) = m**3 + 9*m**2 + 6*m - 14. Let p be x(-8). Let u(n) = 4*n + 4*n - p*n - 9 - 7*n. Determine u(-7).
-2
Suppose 14 - 18 = -l. Let t(v) be the third derivative of -11*v**2 + 7/6*v**3 + 0 - 1/60*v**5 + 0*v + 1/4*v**l. Give t(5).
12
Let o(t) = -3*t + 3. Let s(c) = -c**2 - 22*c - 119. Let f be s(-14). Determine o(f).
24
Suppose -k + 0 = -2. Suppose r + k = 2*a, -5 = -3*r - 4*a - 1. Let t(g) = -3 - g**2 - g - 3*g + 3*g + r*g. Calculate t(-3).
-9
Let x(b) = -14*b. Let n(z) = -5*z. Let k(g) = 11*n(g) - 4*x(g). Calculate k(10).
10
Let o(c) be the third derivative of c**8/6720 + c**7/1680 - 11*c**5/60 + 33*c**2 + 2. Let n(a) be the third derivative of o(a). Calculate n(-2).
6
Let l be -1 - -2 - 30/(-6). Let m(a) = 33*a**2 + 2*a - 19*a**2 + a**3 + l - 9*a**2. Calculate m(-5).
-4
Let l(x) = x**2 - 14*x + 16. Suppose 0 = -65*o + 553 + 227. What is l(o)?
-8
Suppose -x + t - 22 = -6*x, 3*x - 4*t - 4 = 0. Let v(o) = -o**2 + 4. Give v(x).
-12
Suppose 4*m + 22 = -h + 18, -4*m = 3*h + 12. Let f(c) = -c**2 - 8*c - 21. Determine f(h).
-5
Let m be 1 + 16 + 67/(-67). Let k(b) = -b + 7. Determine k(m).
-9
Let g(l) = 2*l**2 + 10*l + 11. Let m be g(-8). Let w(u) = 4*u**2 - 6*u**2 + 65*u - m*u + u**2. Give w(6).
0
Suppose -3*x - 6 = -6*x. Let y(q) = -q**3 - 6*q**2 - q - 5. Let s(n) = n**3 + 6*n**2 + 2*n + 4. Let w(z) = x*s(z) + 3*y(z). What is w(-6)?
-13
Let d(a) = 1 - 3*a + 0 + 2*a. Suppose -26*m + 36 - 10 = 0. Give d(m).
0
Let g(m) be the second derivative of m**4/3 + m**3/6 + m**2/2 - 36*m. Calculate g(-1).
4
Let m(b) = -b**2 + 24*b - 15. Let z be m(23). Suppose z*i + 35 = 3. Let c(a) = -a**2 - 5*a + 4. Calculate c(i).
8
Let f(m) be the third derivative of 1/3*m**3 + 4*m**2 + 0*m + 1/60*m**5 + 0 - 7/24*m**4. Let o = -399 + 402. Give f(o).
-10
Let b be 0*(6/(-3))/2. Suppose b = -8*f - 4 + 36. Let v(l) = -7*l**3 - 3*l**2 + 4*l - 1. Let o(p) = p**3 + p**2. Let t(h) = -6*o(h) - v(h). What is t(f)?
1
Suppose 0 = t - 2*t + 5. Let c(w) = 2*w**2 + t*w - 2*w + 8*w**3 + 2*w**2 - 7*w**3 + 6. Give c(-4).
-6
Let q be -2*(-4 - (-5)/2). Suppose -3*c = -3, -4*j + q*c + 3 = -6. Suppose 4*a - 3*a - 12 = j*t, t + 4 = 4*a. Let o(r) = r**3 + 5*r**2 + 3*r - 1. What is o(t)?
3
Let m(q) = -2*q + q**3 + 1 - 2*q**2 + 3*q - 5 - 3*q**2. Suppose -w - 2*d + 12 = 4*w, 5*w + 3*d - 8 = 0. Calculate m(w).
-16
Suppose 3*p - 3 = 42. Suppose -3*v + 5*m - p = 0, 2*m - 2 = -3*v + 4. Suppose v = 6*c - c + 5*q, 3*c + q = 0. Let l(x) = -x**3 + x**2 - x - 2. Give l(c).
-2
Let r(h) = h**3 + 3*h**2 